{"id":379,"date":"2025-02-11T13:46:50","date_gmt":"2025-02-11T18:46:50","guid":{"rendered":"https:\/\/aim-global.com\/?page_id=379"},"modified":"2025-11-06T14:39:55","modified_gmt":"2025-11-06T19:39:55","slug":"les-communautes-que-nous-servons","status":"publish","type":"page","link":"https:\/\/aim-global.com\/fr\/qui-somme-nous\/les-communautes-que-nous-servons\/","title":{"rendered":"Les communaut\u00e9s que nous servons"},"content":{"rendered":"\n<p class=\"is-style-suptitle\"><strong><strong>Lutte contre la faim<\/strong><\/strong><\/p>\n\n\n\n<p>Chez AIM, nous avons \u00e0 c\u0153ur de faire une diff\u00e9rence dans la vie des individus et des familles au sein de nos communaut\u00e9s. Nous comprenons que l&rsquo;acc\u00e8s \u00e0 des aliments nutritifs est crucial, c&rsquo;est pourquoi nous participons \u00e0 la lutte contre la faim par le biais de collectes de dons alimentaires et de collaborations avec des organisations locales.&nbsp;&nbsp;<\/p>\n\n\n\n<h2 class=\"wp-block-heading\">Ensemble, nous nourrissons les communaut\u00e9s<\/h2>\n\n\n\n<p>Nous nous engageons \u00e0 responsabiliser les associations caritatives locales et les organisations \u00e0 but non lucratif dans leur mission d&rsquo;\u00e9limination de la pauvret\u00e9, de la faim et des personnes sans-abri. L&rsquo;approche d&rsquo;AIM est holistique et va bien au-del\u00e0 de la collecte de fonds et des dons. Notre \u00e9quipe ne se contente pas de parler d&rsquo;aide; elle se retrousse les manches en participant \u00e0 des \u00e9v\u00e9nements locaux et \u00e0 des collectes d&rsquo;aliments pour lutter contre l&rsquo;ins\u00e9curit\u00e9 alimentaire.&nbsp;&nbsp;&nbsp;<\/p>\n\n\n\n<figure class=\"wp-block-image size-large\"><img loading=\"lazy\" decoding=\"async\" width=\"1024\" height=\"768\" src=\"https:\/\/aim-global.com\/wp-content\/uploads\/2025\/11\/PXL_20240313_155600003-1024x768.jpg\" alt=\"\" class=\"wp-image-3741\" srcset=\"https:\/\/aim-global.com\/wp-content\/uploads\/2025\/11\/PXL_20240313_155600003-1024x768.jpg 1024w, https:\/\/aim-global.com\/wp-content\/uploads\/2025\/11\/PXL_20240313_155600003-300x225.jpg 300w, https:\/\/aim-global.com\/wp-content\/uploads\/2025\/11\/PXL_20240313_155600003-768x576.jpg 768w, https:\/\/aim-global.com\/wp-content\/uploads\/2025\/11\/PXL_20240313_155600003-1536x1152.jpg 1536w, https:\/\/aim-global.com\/wp-content\/uploads\/2025\/11\/PXL_20240313_155600003-2048x1536.jpg 2048w\" sizes=\"auto, (max-width: 1024px) 100vw, 1024px\" \/><\/figure>\n\n\n\n<div class=\"wp-block-group alignfull has-light-gold-background-color has-background\"><div class=\"wp-block-group__inner-container is-layout-constrained wp-block-group-is-layout-constrained\">\n<p class=\"is-style-suptitle\"><strong><strong>Initiatives en mati\u00e8re de sant\u00e9 et de bien-\u00eatre<\/strong>&nbsp;<\/strong><\/p>\n\n\n\n<h2 class=\"wp-block-heading\">Ensemble, nous gu\u00e9rissons, soutenons et renfor\u00e7ons<\/h2>\n\n\n\n<p>Nous sommes fiers de soutenir des organisations locales et internationales qui financent et fournissent des soins m\u00e9dicaux vitaux et des ressources en mati\u00e8re de sant\u00e9 mentale. Gr\u00e2ce \u00e0 des dons g\u00e9n\u00e9reux ou \u00e0 l&rsquo;organisation d&rsquo;\u00e9v\u00e9nements ax\u00e9s sur la sant\u00e9, nous nous engageons \u00e0 am\u00e9liorer des vies et \u00e0 b\u00e2tir des communaut\u00e9s plus saines.&nbsp;<\/p>\n\n\n\n<p>En outre, AIM parraine des groupes qui offrent des services essentiels aux familles dont les proches sont confront\u00e9s \u00e0 une situation grave li\u00e9e \u00e0 la sant\u00e9 qui leur impose une charge financi\u00e8re impr\u00e9vue.&nbsp;<\/p>\n\n\n\n<p>Nous prenons \u00e9galement des mesures pour soutenir les communaut\u00e9s touch\u00e9es par des catastrophes naturelles en participant \u00e0 des collectes de fonds qui aident les agences \u00e0 fournir une aide rapide.&nbsp;<\/p>\n\n\n\n<figure class=\"wp-block-image size-large\"><img loading=\"lazy\" decoding=\"async\" width=\"1024\" height=\"646\" src=\"https:\/\/aim-global.com\/wp-content\/uploads\/2025\/11\/542104_1e86a84ee61a424fbcbd20b74661b2edmv2-1024x646.webp\" alt=\"\" class=\"wp-image-3743\" srcset=\"https:\/\/aim-global.com\/wp-content\/uploads\/2025\/11\/542104_1e86a84ee61a424fbcbd20b74661b2edmv2-1024x646.webp 1024w, https:\/\/aim-global.com\/wp-content\/uploads\/2025\/11\/542104_1e86a84ee61a424fbcbd20b74661b2edmv2-300x189.webp 300w, https:\/\/aim-global.com\/wp-content\/uploads\/2025\/11\/542104_1e86a84ee61a424fbcbd20b74661b2edmv2-768x484.webp 768w, https:\/\/aim-global.com\/wp-content\/uploads\/2025\/11\/542104_1e86a84ee61a424fbcbd20b74661b2edmv2.webp 1413w\" sizes=\"auto, (max-width: 1024px) 100vw, 1024px\" \/><\/figure>\n<\/div><\/div>\n\n\n\n<p class=\"is-style-suptitle\"><strong><strong>Soutien \u00e0 l\u2019\u00e9ducation&nbsp;<\/strong><\/strong><\/p>\n\n\n\n<h2 class=\"wp-block-heading\">Ensemble, nous cr\u00e9ons des opportunit\u00e9s<\/h2>\n\n\n\n<p>Nous pensons que l&rsquo;\u00e9ducation est le fondement de communaut\u00e9s fortes et d&rsquo;un avenir meilleur. Nous sommes fiers de soutenir les programmes scolaires locaux qui aident les \u00e9l\u00e8ves \u00e0 s&rsquo;\u00e9panouir dans la poursuite de l&rsquo;excellence acad\u00e9mique ou de la formation professionnelle. En soutenant ces initiatives, nous aidons les \u00e9l\u00e8ves \u00e0 disposer des outils dont ils ont besoin pour atteindre leur plein potentiel.&nbsp;<\/p>\n\n\n\n<p>Gr\u00e2ce aux programmes de recyclage d&rsquo;AIM, nous fournissons \u00e9galement des fonds \u00e0 des organisations qui accordent des bourses d&rsquo;\u00e9tudes, garantissant ainsi aux personnes dans le besoin l&rsquo;acc\u00e8s \u00e0 un enseignement sup\u00e9rieur de qualit\u00e9. Ces initiatives ne donnent pas seulement une nouvelle vie \u00e0 de vieux mat\u00e9riaux, mais soutiennent \u00e9galement des opportunit\u00e9s qui changent la vie.&nbsp;<\/p>\n\n\n\n<p>Nous investissons dans nos employ\u00e9s et leurs familles par le biais du programme de bourses d&rsquo;\u00e9tudes AIM, en les aidant \u00e0 atteindre leurs objectifs \u00e9ducatifs et \u00e0 d\u00e9bloquer des possibilit\u00e9s encore plus grandes de croissance et de r\u00e9ussite<\/p>\n\n\n\n<figure class=\"wp-block-image size-large\"><img loading=\"lazy\" decoding=\"async\" width=\"1024\" height=\"768\" src=\"https:\/\/aim-global.com\/wp-content\/uploads\/2025\/11\/MicrosoftTeams-image-5-1024x768.jpg\" alt=\"\" class=\"wp-image-3739\" srcset=\"https:\/\/aim-global.com\/wp-content\/uploads\/2025\/11\/MicrosoftTeams-image-5-1024x768.jpg 1024w, https:\/\/aim-global.com\/wp-content\/uploads\/2025\/11\/MicrosoftTeams-image-5-300x225.jpg 300w, https:\/\/aim-global.com\/wp-content\/uploads\/2025\/11\/MicrosoftTeams-image-5-768x576.jpg 768w, https:\/\/aim-global.com\/wp-content\/uploads\/2025\/11\/MicrosoftTeams-image-5-1536x1152.jpg 1536w, https:\/\/aim-global.com\/wp-content\/uploads\/2025\/11\/MicrosoftTeams-image-5.jpg 2016w\" sizes=\"auto, (max-width: 1024px) 100vw, 1024px\" \/><\/figure>\n\n\n\n<div class=\"wp-block-group alignfull has-light-gold-background-color has-background\"><div class=\"wp-block-group__inner-container is-layout-constrained wp-block-group-is-layout-constrained\">\n<p class=\"is-style-suptitle\"><strong><strong>Programmes pour la jeunesse<\/strong><\/strong><\/p>\n\n\n\n<h2 class=\"wp-block-heading\">Ensemble, construisons un avenir meilleur<\/h2>\n\n\n\n<p>Nous sommes \u00e9galement passionn\u00e9s par le soutien apport\u00e9 aux jeunes par le biais de partenariats avec des organisations qui s&rsquo;attaquent \u00e0 des probl\u00e8mes cruciaux tels que les personnes sans-abri, la d\u00e9linquance, l&rsquo;exploitation sexuelle et les probl\u00e8mes de sant\u00e9 mentale.&nbsp;&nbsp;<\/p>\n\n\n\n<p>Nos dons nous permettent d&rsquo;\u00e9tendre la port\u00e9e des organisations au service de la jeunesse et de les aider \u00e0 offrir des programmes qui r\u00e9pondent v\u00e9ritablement aux besoins de nos jeunes.<\/p>\n\n\n\n<figure class=\"wp-block-image size-large\"><img loading=\"lazy\" decoding=\"async\" width=\"1024\" height=\"697\" src=\"https:\/\/aim-global.com\/wp-content\/uploads\/2025\/11\/500261191_1110268761126464_9131052806279437000_n-1024x697.jpg\" alt=\"\" class=\"wp-image-3737\" srcset=\"https:\/\/aim-global.com\/wp-content\/uploads\/2025\/11\/500261191_1110268761126464_9131052806279437000_n-1024x697.jpg 1024w, https:\/\/aim-global.com\/wp-content\/uploads\/2025\/11\/500261191_1110268761126464_9131052806279437000_n-300x204.jpg 300w, https:\/\/aim-global.com\/wp-content\/uploads\/2025\/11\/500261191_1110268761126464_9131052806279437000_n-768x523.jpg 768w, https:\/\/aim-global.com\/wp-content\/uploads\/2025\/11\/500261191_1110268761126464_9131052806279437000_n-1536x1045.jpg 1536w, https:\/\/aim-global.com\/wp-content\/uploads\/2025\/11\/500261191_1110268761126464_9131052806279437000_n-2048x1394.jpg 2048w\" sizes=\"auto, (max-width: 1024px) 100vw, 1024px\" \/><\/figure>\n<\/div><\/div>\n\n\n\n<p><\/p>\n","protected":false},"excerpt":{"rendered":"<p>Lutte contre la faim Chez AIM, nous avons \u00e0 c\u0153ur de faire une diff\u00e9rence dans la vie des individus et des familles au sein de nos communaut\u00e9s. Nous comprenons que l&rsquo;acc\u00e8s \u00e0 des aliments nutritifs est crucial, c&rsquo;est pourquoi nous participons \u00e0 la lutte contre la faim par le biais de collectes de dons alimentaires [&hellip;]<\/p>\n","protected":false},"author":11,"featured_media":0,"parent":129,"menu_order":0,"comment_status":"closed","ping_status":"closed","template":"","meta":{"_acf_changed":false,"footnotes":""},"class_list":["post-379","page","type-page","status-publish","hentry"],"acf":[],"_links":{"self":[{"href":"https:\/\/aim-global.com\/fr\/wp-json\/wp\/v2\/pages\/379","targetHints":{"allow":["GET"]}}],"collection":[{"href":"https:\/\/aim-global.com\/fr\/wp-json\/wp\/v2\/pages"}],"about":[{"href":"https:\/\/aim-global.com\/fr\/wp-json\/wp\/v2\/types\/page"}],"author":[{"embeddable":true,"href":"https:\/\/aim-global.com\/fr\/wp-json\/wp\/v2\/users\/11"}],"replies":[{"embeddable":true,"href":"https:\/\/aim-global.com\/fr\/wp-json\/wp\/v2\/comments?post=379"}],"version-history":[{"count":6,"href":"https:\/\/aim-global.com\/fr\/wp-json\/wp\/v2\/pages\/379\/revisions"}],"predecessor-version":[{"id":3750,"href":"https:\/\/aim-global.com\/fr\/wp-json\/wp\/v2\/pages\/379\/revisions\/3750"}],"up":[{"embeddable":true,"href":"https:\/\/aim-global.com\/fr\/wp-json\/wp\/v2\/pages\/129"}],"wp:attachment":[{"href":"https:\/\/aim-global.com\/fr\/wp-json\/wp\/v2\/media?parent=379"}],"curies":[{"name":"wp","href":"https:\/\/api.w.org\/{rel}","templated":true}]}}

Les communautés que nous servons

<p class="is-style-suptitle"><strong><strong>Lutte contre la faim</strong></strong></p>



<p>Chez AIM, nous avons à cœur de faire une différence dans la vie des individus et des familles au sein de nos communautés. Nous comprenons que l&rsquo;accès à des aliments nutritifs est crucial, c&rsquo;est pourquoi nous participons à la lutte contre la faim par le biais de collectes de dons alimentaires et de collaborations avec des organisations locales.&nbsp;&nbsp;</p>



<h2 class="wp-block-heading">Ensemble, nous nourrissons les communautés</h2>



<p>Nous nous engageons à responsabiliser les associations caritatives locales et les organisations à but non lucratif dans leur mission d&rsquo;élimination de la pauvreté, de la faim et des personnes sans-abri. L&rsquo;approche d&rsquo;AIM est holistique et va bien au-delà de la collecte de fonds et des dons. Notre équipe ne se contente pas de parler d&rsquo;aide; elle se retrousse les manches en participant à des événements locaux et à des collectes d&rsquo;aliments pour lutter contre l&rsquo;insécurité alimentaire.&nbsp;&nbsp;&nbsp;</p>



<figure class="wp-block-image size-large"><img loading="lazy" decoding="async" width="1024" height="768" src="https://aim-global.com/wp-content/uploads/2025/11/PXL_20240313_155600003-1024x768.jpg" alt="" class="wp-image-3741" srcset="https://aim-global.com/wp-content/uploads/2025/11/PXL_20240313_155600003-1024x768.jpg 1024w, https://aim-global.com/wp-content/uploads/2025/11/PXL_20240313_155600003-300x225.jpg 300w, https://aim-global.com/wp-content/uploads/2025/11/PXL_20240313_155600003-768x576.jpg 768w, https://aim-global.com/wp-content/uploads/2025/11/PXL_20240313_155600003-1536x1152.jpg 1536w, https://aim-global.com/wp-content/uploads/2025/11/PXL_20240313_155600003-2048x1536.jpg 2048w" sizes="auto, (max-width: 1024px) 100vw, 1024px" /></figure>



<div class="wp-block-group alignfull has-light-gold-background-color has-background"><div class="wp-block-group__inner-container is-layout-constrained wp-block-group-is-layout-constrained">
<p class="is-style-suptitle"><strong><strong>Initiatives en matière de santé et de bien-être</strong>&nbsp;</strong></p>



<h2 class="wp-block-heading">Ensemble, nous guérissons, soutenons et renforçons</h2>



<p>Nous sommes fiers de soutenir des organisations locales et internationales qui financent et fournissent des soins médicaux vitaux et des ressources en matière de santé mentale. Grâce à des dons généreux ou à l&rsquo;organisation d&rsquo;événements axés sur la santé, nous nous engageons à améliorer des vies et à bâtir des communautés plus saines.&nbsp;</p>



<p>En outre, AIM parraine des groupes qui offrent des services essentiels aux familles dont les proches sont confrontés à une situation grave liée à la santé qui leur impose une charge financière imprévue.&nbsp;</p>



<p>Nous prenons également des mesures pour soutenir les communautés touchées par des catastrophes naturelles en participant à des collectes de fonds qui aident les agences à fournir une aide rapide.&nbsp;</p>



<figure class="wp-block-image size-large"><img loading="lazy" decoding="async" width="1024" height="646" src="https://aim-global.com/wp-content/uploads/2025/11/542104_1e86a84ee61a424fbcbd20b74661b2edmv2-1024x646.webp" alt="" class="wp-image-3743" srcset="https://aim-global.com/wp-content/uploads/2025/11/542104_1e86a84ee61a424fbcbd20b74661b2edmv2-1024x646.webp 1024w, https://aim-global.com/wp-content/uploads/2025/11/542104_1e86a84ee61a424fbcbd20b74661b2edmv2-300x189.webp 300w, https://aim-global.com/wp-content/uploads/2025/11/542104_1e86a84ee61a424fbcbd20b74661b2edmv2-768x484.webp 768w, https://aim-global.com/wp-content/uploads/2025/11/542104_1e86a84ee61a424fbcbd20b74661b2edmv2.webp 1413w" sizes="auto, (max-width: 1024px) 100vw, 1024px" /></figure>
</div></div>



<p class="is-style-suptitle"><strong><strong>Soutien à l’éducation&nbsp;</strong></strong></p>



<h2 class="wp-block-heading">Ensemble, nous créons des opportunités</h2>



<p>Nous pensons que l&rsquo;éducation est le fondement de communautés fortes et d&rsquo;un avenir meilleur. Nous sommes fiers de soutenir les programmes scolaires locaux qui aident les élèves à s&rsquo;épanouir dans la poursuite de l&rsquo;excellence académique ou de la formation professionnelle. En soutenant ces initiatives, nous aidons les élèves à disposer des outils dont ils ont besoin pour atteindre leur plein potentiel.&nbsp;</p>



<p>Grâce aux programmes de recyclage d&rsquo;AIM, nous fournissons également des fonds à des organisations qui accordent des bourses d&rsquo;études, garantissant ainsi aux personnes dans le besoin l&rsquo;accès à un enseignement supérieur de qualité. Ces initiatives ne donnent pas seulement une nouvelle vie à de vieux matériaux, mais soutiennent également des opportunités qui changent la vie.&nbsp;</p>



<p>Nous investissons dans nos employés et leurs familles par le biais du programme de bourses d&rsquo;études AIM, en les aidant à atteindre leurs objectifs éducatifs et à débloquer des possibilités encore plus grandes de croissance et de réussite</p>



<figure class="wp-block-image size-large"><img loading="lazy" decoding="async" width="1024" height="768" src="https://aim-global.com/wp-content/uploads/2025/11/MicrosoftTeams-image-5-1024x768.jpg" alt="" class="wp-image-3739" srcset="https://aim-global.com/wp-content/uploads/2025/11/MicrosoftTeams-image-5-1024x768.jpg 1024w, https://aim-global.com/wp-content/uploads/2025/11/MicrosoftTeams-image-5-300x225.jpg 300w, https://aim-global.com/wp-content/uploads/2025/11/MicrosoftTeams-image-5-768x576.jpg 768w, https://aim-global.com/wp-content/uploads/2025/11/MicrosoftTeams-image-5-1536x1152.jpg 1536w, https://aim-global.com/wp-content/uploads/2025/11/MicrosoftTeams-image-5.jpg 2016w" sizes="auto, (max-width: 1024px) 100vw, 1024px" /></figure>



<div class="wp-block-group alignfull has-light-gold-background-color has-background"><div class="wp-block-group__inner-container is-layout-constrained wp-block-group-is-layout-constrained">
<p class="is-style-suptitle"><strong><strong>Programmes pour la jeunesse</strong></strong></p>



<h2 class="wp-block-heading">Ensemble, construisons un avenir meilleur</h2>



<p>Nous sommes également passionnés par le soutien apporté aux jeunes par le biais de partenariats avec des organisations qui s&rsquo;attaquent à des problèmes cruciaux tels que les personnes sans-abri, la délinquance, l&rsquo;exploitation sexuelle et les problèmes de santé mentale.&nbsp;&nbsp;</p>



<p>Nos dons nous permettent d&rsquo;étendre la portée des organisations au service de la jeunesse et de les aider à offrir des programmes qui répondent véritablement aux besoins de nos jeunes.</p>



<figure class="wp-block-image size-large"><img loading="lazy" decoding="async" width="1024" height="697" src="https://aim-global.com/wp-content/uploads/2025/11/500261191_1110268761126464_9131052806279437000_n-1024x697.jpg" alt="" class="wp-image-3737" srcset="https://aim-global.com/wp-content/uploads/2025/11/500261191_1110268761126464_9131052806279437000_n-1024x697.jpg 1024w, https://aim-global.com/wp-content/uploads/2025/11/500261191_1110268761126464_9131052806279437000_n-300x204.jpg 300w, https://aim-global.com/wp-content/uploads/2025/11/500261191_1110268761126464_9131052806279437000_n-768x523.jpg 768w, https://aim-global.com/wp-content/uploads/2025/11/500261191_1110268761126464_9131052806279437000_n-1536x1045.jpg 1536w, https://aim-global.com/wp-content/uploads/2025/11/500261191_1110268761126464_9131052806279437000_n-2048x1394.jpg 2048w" sizes="auto, (max-width: 1024px) 100vw, 1024px" /></figure>
</div></div>



<p></p>

<p>Lutte contre la faim Chez AIM, nous avons à cœur de faire une différence dans la vie des individus et des familles au sein de nos communautés. Nous comprenons que l&rsquo;accès à des aliments nutritifs est crucial, c&rsquo;est pourquoi nous participons à la lutte contre la faim par le biais de collectes de dons alimentaires [&hellip;]</p>
